undred thousands digit of 40927806?
9
What is the ten thousands digit of 69042285?
4
What is the units digit of 231301884?
4
What is the ten thousands digit of 1925303218?
0
What is the hundreds digit of 1219780254?
2
What is the tens digit of 89893182?
8
What is the millions digit of 128967538?
8
What is the hundred millions digit of 316564762?
3
What is the hundred thousands digit of 3309968674?
9
What is the units digit of 1540754251?
1
What is the ten millions digit of 57805091?
5
What is the thousands digit of 424377487?
7
What is the tens digit of 118475377?
7
What is the tens digit of 31769598?
9
What is the hundreds digit of 38715654?
6
What is the units digit of 6307103?
3
What is the millions digit of 747861135?
7
What is the hundred thousands digit of 22144228?
1
What is the hundreds digit of 695039681?
6
What is the ten millions digit of 1531662291?
3
What is the units digit of 41071412?
2
What is the billions digit of 1719288554?
1
What is the hundreds digit of 107494430?
4
What is the ten millions digit of 26872573?
2
What is the hundred thousands digit of 71577301?
5
What is the thousands digit of 212830726?
0
What is the hundred thousands digit of 5236967?
2
What is the ten millions digit of 154354077?
5
What is the hundred thousands digit of 485390791?
3
What is the ten millions digit of 57041867?
5
What is the ten millions digit of 18904257?
1
What is the units digit of 256728968?
8
What is the ten thousands digit of 4691029?
9
What is the tens digit of 13024381?
8
What is the hundreds digit of 1554318462?
4
What is the hundreds digit of 326013860?
8
What is the hundred thousands digit of 30093555?
0
What is the ten millions digit of 64377372?
6
What is the ten millions digit of 62029760?
6
What is the units digit of 506410904?
4
What is the hundred thousands digit of 43409106?
4
What is the millions digit of 803488989?
3
What is the tens digit of 7961995?
9
What is the ten thousands digit of 530827044?
2
What is the ten thousands digit of 847891734?
9
What is the hundred thousands digit of 871252108?
2
What is the tens digit of 961701389?
8
What is the hundreds digit of 3483548506?
5
What is the thousands digit of 539740892?
0
What is the tens digit of 617180504?
0
What is the millions digit of 153725311?
3
What is the hundred thousands digit of 546574466?
5
What is the hundreds digit of 1452205207?
2
What is the thousands digit of 365752997?
2
What is the tens digit of 558433934?
3
What is the thousands digit of 45846806?
6
What is the hundreds digit of 126158581?
5
What is the tens digit of 63728939?
3
What is the units digit of 66784934?
4
What is the units digit of 2264243959?
9
What is the hundred thousands digit of 98904424?
9
What is the hundreds digit of 56875455?
4
What is the millions digit of 91082312?
1
What is the tens digit of 213267982?
8
What is the tens digit of 30366026?
2
What is the ten millions digit of 1492357966?
9
What is the units digit of 1443117?
7
What is the hundred thousands digit of 41571933?
5
What is the ten thousands digit of 104966067?
6
What is the ten millions digit of 415954577?
1
What is the units digit of 257648904?
4
What is the ten thousands digit of 4142653491?
5
What is the hundred thousands digit of 3034735633?
7
What is the millions digit of 114542944?
4
What is the ten millions digit of 1076485439?
7
What is the hundred thousands digit of 1222949141?
9
What is the hundred thousands digit of 60025996?
0
What is the tens digit of 18908615?
1
What is the millions digit of 49566073?
9
What is the tens digit of 923317061?
6
What is the hundreds digit of 3614901?
9
What is the ten thousands digit of 2503348540?
4
What is the ten thousands digit of 235370715?
7
What is the millions digit of 121130611?
1
What is the millions digit of 20186625?
0
What is the hundred millions digit of 233808734?
2
What is the millions digit of 1502339195?
2
What is the billions digit of 1031254909?
1
What is the ten thousands digit of 4430082539?
8
What is the units digit of 5611040?
0
What is the thousands digit of 29065911?
5
What is the hundreds digit of 28776677?
6
What is the millions digit of 192513217?
2
What is the units digit of 186204964?
4
What is the thousands digit of 28606604?
6
What is the hundreds digit of 1765466486?
4
What is the ten millions digit of 102863107?
0
What is the hundreds digit of 327118393?
3
What is the hundred thousands digit of 1699035770?
0
What is the millions digit of 15427298?
5
What is the thousands digit of 319243162?
3
What is the hundred millions digit of 131476980?
1
What is the ten millions digit of 18271006?
1
What is the hundreds digit of 350225689?
6
What is the tens digit of 623598503?
0
What is the units digit of 385523945?
5
What is the ten millions digit of 5047459547?
4
What is the ten thousands digit of 3082160692?
6
What is the hundreds digit of 706154494?
4
What is the thousands digit of 108196110?
6
What is the billions digit of 7716114977?
7
What is the thousands digit of 247134065?
4
What is the units digit of 988782?
2
What is the hundred millions digit of 117498366?
1
What is the hundred millions digit of 733987696?
7
What is the units digit of 666559116?
6
What is the ten thousands digit of 6986675?
8
What is the ten thousands digit of 42291244?
9
What is the ten millions digit of 90212402?
9
What is the tens digit of 3812364621?
2
What is the hundred millions digit of 195100287?
1
What is the millions digit of 1852934252?
2
What is the billions digit of 2190709543?
2
What is the billions digit of 1382956087?
1
What is the units digit of 102218685?
5
What is the millions digit of 76486005?
6
What is the millions digit of 1377547?
1
What is the ten millions digit of 2885854663?
8
What is the tens digit of 152598358?
5
What is the units digit of 4776710176?
6
What is the millions digit of 212521891?
2
What is the millions digit of 7515860340?
5
What is the millions digit of 6212255?
6
What is the hundred thousands digit of 898196281?
1
What is the ten thousands digit of 22326788?
2
What is the hundreds digit of 26646663?
6
What is the hundreds digit of 46129143?
1
What is the tens digit of 318299801?
0
What is the tens digit of 36933519?
1
What is the hundred millions digit of 178063158?
1
What is the units digit of 588861498?
8
What is the tens digit of 1020882301?
0
What is the units digit of 3299195333?
3
What is the tens digit of 1809726989?
8
What is the hundred thousands digit of 879327624?
3
What is the thousands digit of 4255960540?
0
What is the billions digit of 2275582063?
2
What is the millions digit of 141960540?
1
What is the ten millions digit of 74188791?
7
What is the billions digit of 4142216580?
4
What is the thousands digit of 3614229?
4
What is the units digit of 8674105?
5
What is the units digit of 2823550?
0
What is the thousands digit of 215017886?
7
What is the units digit of 27884058?
8
What is the tens digit of 6061692149?
4
What is the ten thousands digit of 1149952207?
5
What is the ten millions digit of 98914113?
9
What is the ten millions digit of 262239791?
6
What is the tens digit of 313429077?
7
What is the ten thousands digit of 16824752?
2
What is the hundreds digit of 1537145?
1
What is the units digit of 3389564163?
3
What is the hundreds digit of 1632644291?
2
What is the units digit of 1012979802?
2
What is the thousands digit of 24557752?
7
What is the hundred thousands digit of 46714601?
7
What is the ten thousands digit of 1381729423?
2
What is the tens digit of 1394100595?
9
What is the hundreds digit of 194685304?
3
What is the millions digit of 1835696773?
5
What is the billions digit of 3385436820?
3
What is the ten thousands digit of 59413154?
1
What is the tens digit of 55021116?
1
What is the hundreds digit of 49654606?
6
What is the units digit of 524713587?
7
What is the units digit of 163551907?
7
What is the ten millions digit of 15058010?
1
What is the millions digit of 3646079214?
6
What is the ten millions digit of 796421501?
9
What is the thousands digit of 229113558?
3
What is the hundred thousands digit of 53057252?
0
What is the thousands digit of 14910429?
0
What is the units digit of 4588333?
3
What is the ten millions digit of 2201719086?
0
What is the ten thousands digit of 51